{"id":639,"date":"2022-09-01T07:02:09","date_gmt":"2022-09-01T07:02:09","guid":{"rendered":"https:\/\/jhb.nypabbutiken.se\/?post_type=product&#038;p=639"},"modified":"2023-02-23T13:00:05","modified_gmt":"2023-02-23T13:00:05","slug":"armskydd-av-polyeten","status":"publish","type":"product","link":"https:\/\/jhb.nypabbutiken.se\/?product=armskydd-av-polyeten","title":{"rendered":"\u00c4rmskydd av polyeten. Latexfri gummiband. L\u00e4ngd 40 cm och tjocklek 0,02 mm"},"content":{"rendered":"","protected":false},"excerpt":{"rendered":"<p>\u00c4rmskydd av polyeten. Latexfri gummiband. Maskinsydda. L\u00e4ngd 40 cm och tjocklek 0,02 mm.<\/p>\n<p><strong>Antal\/fp:<\/strong> 100<\/p>\n<p><strong>Anv\u00e4ndningsomr\u00e5den:<\/strong> Livsmedelsindustri, st\u00e4darbete, m\u00e5lningsarbete<\/p>\n<p>Worksafe PE sleeve mac<br \/>\nLatexfri gummiband.<br \/>\n<strong>L\u00e4ngd:<\/strong> 40 cm<br \/>\n<strong>Tjocklek:<\/strong> 0,02 mm<\/p>\n","protected":false},"featured_media":640,"template":"","meta":[],"product_brand":[],"product_cat":[81,80],"product_tag":[],"class_list":{"0":"post-639","1":"product","2":"type-product","3":"status-publish","4":"has-post-thumbnail","6":"product_cat-allt","7":"product_cat-engangsartiklar","9":"first","10":"instock","11":"shipping-taxable","12":"purchasable","13":"product-type-simple"},"_links":{"self":[{"href":"https:\/\/jhb.nypabbutiken.se\/index.php?rest_route=\/wp\/v2\/product\/639","targetHints":{"allow":["GET"]}}],"collection":[{"href":"https:\/\/jhb.nypabbutiken.se\/index.php?rest_route=\/wp\/v2\/product"}],"about":[{"href":"https:\/\/jhb.nypabbutiken.se\/index.php?rest_route=\/wp\/v2\/types\/product"}],"wp:featuredmedia":[{"embeddable":true,"href":"https:\/\/jhb.nypabbutiken.se\/index.php?rest_route=\/wp\/v2\/media\/640"}],"wp:attachment":[{"href":"https:\/\/jhb.nypabbutiken.se\/index.php?rest_route=%2Fwp%2Fv2%2Fmedia&parent=639"}],"wp:term":[{"taxonomy":"product_brand","embeddable":true,"href":"https:\/\/jhb.nypabbutiken.se\/index.php?rest_route=%2Fwp%2Fv2%2Fproduct_brand&post=639"},{"taxonomy":"product_cat","embeddable":true,"href":"https:\/\/jhb.nypabbutiken.se\/index.php?rest_route=%2Fwp%2Fv2%2Fproduct_cat&post=639"},{"taxonomy":"product_tag","embeddable":true,"href":"https:\/\/jhb.nypabbutiken.se\/index.php?rest_route=%2Fwp%2Fv2%2Fproduct_tag&post=639"}],"curies":[{"name":"wp","href":"https:\/\/api.w.org\/{rel}","templated":true}]}}